m?
11
Suppose -83 = -y - 56. What is the highest common factor of 9 and y?
9
Let q(o) = o**3 - 9*o**2 + 2*o - 9. Let j(f) = f + 5. Let b be j(4). Let a be q(b). Suppose 2*i + a = 39. Calculate the greatest common divisor of 10 and i.
5
Suppose -198 = -3*t + t. Calculate the highest common factor of t and 66.
33
Let u(l) = -2*l + 1. Let t be u(0). Let y be (100 - t) + -5 + 4. Calculate the highest common divisor of 14 and y.
14
Let x(u) = 3*u**2 + 22*u - 41. Let y be x(2). What is the highest common factor of 135 and y?
15
Suppose 0 = -2*o + 11 - 3. Suppose -4 = -o*i, -2*j - 3*j + 4*i = -86. Calculate the highest common factor of j and 9.
9
Let w be 0/5 + (5 - 1). Let c be -4*((-21)/w)/7. Suppose -b = c*b - 76. What is the highest common divisor of b and 19?
19
Let i = 280 - 276. Calculate the greatest common factor of 30 and i.
2
Let t(g) = 3*g**3 + 3*g - 6. Let l be t(2). Calculate the greatest common factor of 40 and l.
8
Suppose 32*h - 263 = -135. Calculate the highest common divisor of 20 and h.
4
Suppose 3*o - 10*o = -77. What is the greatest common factor of 209 and o?
11
Suppose -169*n + h + 2055 = -167*n, 5115 = 5*n + 5*h. What is the greatest common factor of 54 and n?
54
Suppose -o - 2*o + 451 = 4*q, 3*q = 3*o - 465. Calculate the highest common divisor of 34 and o.
17
Suppose 0 = -11*w + 5606 - 590. Calculate the greatest common divisor of 57 and w.
57
Suppose q - 5*o - 3 = 0, -o + 5*o = 5*q - 15. Suppose 2*t + 5 + q = k, -3*k + 34 = -t. Calculate the highest common divisor of k and 156.
12
Let l = 2 - 0. Suppose -3*n = -l*n - 8. Let g(f) = 2*f**2 - 5*f. Let w be g(n). What is the highest common divisor of 11 and w?
11
Suppose 4*b - 3*x - 24 = 0, 4*b - x = -0*x + 16. Let r be 3/(0 + (2 - b)). Let c be (r/12 + 2)*16. What is the highest common factor of 42 and c?
14
Let h(t) = 17*t - 4. Let o be h(4). Let v = -24 + o. Calculate the highest common divisor of 8 and v.
8
Suppose -5*s + 5 = -25. Let u(i) = 2*i**3 - 11*i**2 - 4*i - 8. Let y be u(s). Suppose y*l - 62 - 58 = 0. What is the greatest common divisor of 20 and l?
10
Let f(g) = g**2 - 18*g + 108. Let z be f(12). What is the greatest common divisor of z and 18?
18
Let m(x) = 84 - 3*x + 2*x - 12. Let y be m(-23). What is the greatest common factor of y and 38?
19
Let m be -3 + 27 + -5 - (2 + -3). Calculate the greatest common divisor of m and 2.
2
Let v be 0 - 88/(-4) - -4. Calculate the greatest common factor of 208 and v.
26
Let m be ((-11)/(-2) + -5)/((-6)/(-6528)). Calculate the highest common divisor of m and 64.
32
Let i = 1476 + -1328. What is the greatest common factor of 111 and i?
37
Let z(x) = x**2 - x + 45. Let h be z(0). Let y be 2 + (-2 - (184 - 4)). Let v be (y/(-75))/((-4)/(-30)). What is the greatest common factor of v and h?
9
Let a(o) = o + 1. Let j be a(2). Let l = 6 + -1. Suppose 139 = j*g + g + l*d, 0 = -g - 4*d + 32. What is the greatest common divisor of g and 90?
18
Let k be (-11)/(25/(-5) - 18/(-4)). Calculate the greatest common divisor of 99 and k.
11
Let t(q) = q**3 + 8*q**2 - 12*q - 16. Let r be -10 - (3/9)/(2/(-6)). Let c be t(r). What is the highest common divisor of 22 and c?
11
Let p be ((-56)/(-32) + 3)/(3/1284). Calculate the highest common factor of 38 and p.
19
Let m be -1*-1*(14 - 3) - 0. Let h be 1/(m/24) + (-2)/11. Calculate the greatest common divisor of 16 and h.
2
Let r = 6 - 0. Suppose -16*d = -18*d + 24. What is the greatest common factor of r and d?
6
Suppose 0 = -2*j - 3*g + 28, j + 65 = 4*g + 57. What is the highest common divisor of j and 1112?
8
Let w(u) = 10*u**2 - 7*u + 6. Let q be w(4). Let j = 21112 + -21020. Calculate the greatest common factor of j and q.
46
Let v be 5 + (7 + 3)/(-1) - -74. Calculate the greatest common divisor of 1173 and v.
69
Suppose -3 = -2*l - 3*g, -g - 3*g = -12. Let o(w) be the first derivative of -w**2/2 - w - 5. Let x be o(l). Calculate the greatest common divisor of x and 6.
2
Let z(r) = 0 + 24*r + 1 - 37*r + 7*r**2. Let w be z(9). Suppose w = 2*u + 35. Calculate the greatest common divisor of 26 and u.
26
Suppose z = -3*q + 1, -4*z - 12 = -129*q + 125*q. Let s be (-2)/(-5) - 156/(-10). What is the highest common factor of q and s?
1
Let o = 15 - 4. Suppose 4*m - 2*m - 188 = 0. Suppose m = 2*t + 28. Calculate the highest common divisor of t and o.
11
Let v = -16 - -43. Let p be v + (5 - 2)*-1. Suppose 0 = 2*k - 5*c - 11, c = 2*k + 5*c - 2. What is the greatest common factor of k and p?
3
Suppose -525 = c - 4*c. Let m(j) = -6*j - 9. Let x be m(-8). Suppose -3*z + 249 = x. Calculate the greatest common divisor of c and z.
35
Suppose -4*u - 8 = -m, 37 - 3 = 2*m - 2*u. Calculate the highest common divisor of 60 and m.
20
Let a = -32 + 26. Let q be (a/(-9))/((-8)/(-84)). Let z(n) = -n**2 + n + 28. Let o be z(0). What is the greatest common factor of o and q?
7
Let h(o) = -o + 7. Let l be h(19). Let p be (-54)/l + (-1)/2 + 0. Calculate the highest common factor of 16 and p.
4
Let u be (-2)/9 + 2920/18. Suppose 55*t - 357 - 633 = 0. What is the greatest common factor of t and u?
18
Let o(h) = h**2 + 12*h + 41. Let y be o(-9). Suppose z + 0*z - 31 = 0. Let b = z + -17. Calculate the highest common factor of y and b.
14
Let s be (3 - 2)*0/(-1). Suppose -2*o + 0*o = -3*m - 27, s = -5*m - 5. What is the greatest common factor of 36 and o?
12
Let k(r) = r**2 - 6*r + 5. Let i be k(6). Let y be (i - 17/3)*-132. Let s be (-2)/(-1) + 45/5. What is the highest common factor of s and y?
11
Suppose 0*i = -2*i - 3*n + 26, -2*i + 4*n + 12 = 0. Calculate the highest common divisor of 530 and i.
10
Let s(n) = 6*n. Let d be s(13). Calculate the greatest common divisor of 624 and d.
78
Let o = -32 + 71. Let t be 21*(5 + o/(-9)). What is the greatest common factor of t and 112?
14
Let h(u) = -u**3 - 19*u**2 + 12*u - 531. Let r be h(-22). What is the greatest common divisor of 27 and r?
9
Let k be (-1 - 0/(-5)) + 5. Suppose -a + 5 = -5*g + 15, -2*g = -2*a - k. What is the greatest common divisor of 2 and g?
2
Let m(h) = h**3 + 13*h**2 + 10*h - 22. Let t be m(-12). Let y be (-56)/(-8) + -4 + 1. Calculate the highest common factor of y and t.
2
Suppose 4*i + 3*i - 490 = 0. What is the highest common factor of i and 105?
35
Let y(h) be the third derivative of h**4/24 + 11*h**3/6 - 2*h**2. Let x be -1*(6/(-1) - -12). Let m be y(x). Calculate the highest common divisor of m and 10.
5
Suppose -n - n = -288. Let m(d) = -4*d + 6. Let j = -2 + -1. Let p be m(j). Calculate the greatest common factor of p and n.
18
Let r = 413 - 395. Let n(x) = 18*x**3. Let d be n(1). Calculate the highest common divisor of d and r.
18
Let o be (-6)/10 - (103/5)/(-1). Let m = o + 105. What is the greatest common factor of m and 25?
25
Let x be (-105)/(-14)*(-4)/(-3). Suppose 0 = -3*v + 2*d + 39, -10*v + 9*v = 2*d - 21. What is the greatest common factor of x and v?
5
Suppose -79*y + 11970 + 51467 = 0. Calculate the highest common factor of y and 66.
11
Let k be 10/25 - (-7)/(140/972). What is the greatest common divisor of k and 21?
7
Let b(q) = 8*q**2 - q + 1. Let i be b(-2). Suppose 0 = 3*f - 8*f + 3*z + 44, 2*f + 4*z - 2 = 0. Calculate the greatest common factor of f and i.
7
Suppose 4*c = 2*w - 204, 5*c + 162 - 523 = -3*w. Let p = 168 - w. What is the greatest common factor of 8 and p?
8
Let t(p) = 2*p**2 - p + 2. Let l be t(-2). Let d(v) = v**3 - 33*v**2 - 34*v + 22. Let m be d(34). Let r = m - l. What is the highest common divisor of 15 and r?
5
Let m = -224 + 255. Calculate the greatest common divisor of 496 and m.
31
Let d = -483 - -939. Suppose 3*g - 608 = -4*q, -3*q - 3*g + 2*g = -d. Calculate the highest common factor of 38 and q.
38
Let r = 1664 + -1660. What is the greatest common divisor of 396 and r?
4
Suppose 17*a - 880 = 7*a. What is the highest common factor of a and 11?
11
Suppose -7*h - 687 + 995 = 0. Calculate the greatest common factor of 143 and h.
11
Let c = -213 - -253. Let m be (-33)/(-4) - (-6)/(-24). Calculate the greatest common factor of c and m.
8
Let w(z) = 3*z**2 + 7*z - 7. Let u be w(-5). Calculate the greatest common divisor of 44 and u.
11
Let c = 1 - -3. Suppose 0 = 2*o + f + c*f - 53, -2*o + 5*f = -43. What is the highest common factor of o and 6?
6
Let s(x) = 0*x**3 + 7 + 10*x**2 - 10*x - 1 - x**3. Let d be s